ulate the highest common divisor of b and 125.
5
Let q = 897 + -887. Let c be 6/(-4)*84/(-18). Suppose 5*w - 9 = 3*h, 5*h + 5*w - c = 6*w. Calculate the highest common factor of q and h.
2
Suppose 4*d + 3*t - 29 = -6, -4*d = -t - 19. Let r(l) = l**2 - l - 24. Let z be r(7). Suppose -21 = -3*y - z. Calculate the greatest common factor of d and y.
1
Suppose -326 = -7*x + 4*p - 92, -4*x - 13 = 9*p. Let n be 232 + -1*(-2 + 1). Suppose n = 5*i - 27. What is the greatest common factor of x and i?
26
Let b be (-16)/(-56) + 423/63. Let y be -7 + 7 + b - -407. What is the greatest common factor of 18 and y?
18
Suppose -3*t + 20 = 2*t. Let r = 136466 + -136450. Calculate the highest common divisor of r and t.
4
Let t be 2*-1 + 5 + 0. Suppose 0 = 60*n - 482 + 302. Suppose -3*f = -t, -n*s - 3*f + 127 - 13 = 0. What is the highest common factor of s and 74?
37
Suppose -4*t + 1105 = -4*l - 495, -5*l = 4*t + 2045. Let x be (l/12)/5*-12. What is the highest common factor of 54 and x?
27
Let k = 49 - 43. Let i(v) = -3*v - 69. Let d be i(-24). Calculate the highest common factor of k and d.
3
Let p(z) = 3*z**2 - 4*z - 5 - 5*z**2 + 5*z**2. Let f be p(-7). Suppose -50 = -5*y + 3*v, y = -y - 2*v + 20. Calculate the greatest common divisor of y and f.
10
Suppose 5*t = 3*n - 11*n + 130, 5*t - 5*n - 65 = 0. Calculate the highest common factor of 2202 and t.
6
Let y be (-2 + 1)*1 + (-53)/((-1113)/2268). What is the greatest common divisor of 2 and y?
1
Suppose -3*f = -321 - 339. Suppose -21 = -2*d - 19. Let y be (-4)/d - (-24 - 0). Calculate the highest common factor of f and y.
20
Let l be ((-1246)/(-89))/(14/8). What is the greatest common factor of l and 32?
8
Suppose -5*b + 981 = j, 1711*j = 2*b + 1707*j - 388. What is the highest common factor of b and 16268?
196
Let u(l) = -12*l + 25. Let h be u(-10). Let y = 157 - h. What is the highest common divisor of 14 and y?
2
Let w(y) = -3*y - 5. Let c be w(-4). Let t(z) = 14*z**2 - 83*z - 176. Let o be t(8). What is the greatest common factor of o and c?
7
Let j be 0*4/(-12) + 115. Let c be j/20 - ((-12)/(-4))/(-12). Suppose -c*z = -4*z - 4. Calculate the greatest common factor of 9 and z.
1
Let p = 0 + 4. Let c be 6 - -2 - 8 - -8. What is the greatest common divisor of c and p?
4
Let x = 77 - 55. Let v(c) = 2*c**3 + c**2 - c + 555. Let s be v(0). Let o be 18389/s - ((-96)/(-45) - 2). Calculate the highest common divisor of o and x.
11
Let s be -1520 + 0/(-1 + -2). Let f be 6*8/72 - s/6. Suppose -5*o - 5*q + 636 = -3*q, -2*o + f = q. What is the greatest common divisor of 16 and o?
16
Suppose 2*a - 18 = 4*j, 3 = 4*a - 5*a - 2*j. Suppose -6*d + 2 + 64 = 0. Suppose a + d = h. What is the greatest common divisor of 14 and h?
14
Let a(o) = o**2 + 30*o + 62. Let i = -129 - -101. Let w be a(i). Let x be (-4)/w - (-1)/(3/146). Calculate the greatest common divisor of 64 and x.
16
Suppose 5*b = 4*b + 5. Let n = -105 + 109. Suppose b*q = -n*g + 72, 3*q - 3*g = q + 15. What is the greatest common factor of 4 and q?
4
Let m = -58 + 123. Let g(w) = -2607*w - 18210. Let t be g(-7). Calculate the highest common factor of t and m.
13
Let h be -8*4/8*-1. Suppose -2*d + h*u = -588, -17*u + 4 = -21*u. Calculate the greatest common factor of 219 and d.
73
Suppose 5*t + 5*w - 123 = 27, 3*t - 70 = w. Let d = 187 + -188. Let y(m) = -105*m + 20. Let c be y(d). Calculate the greatest common divisor of c and t.
25
Suppose 0 = -4*u + 5*t - 157, -49 = 3*u + 2*t + 40. Let y = u + 33. Suppose y = -30*n + 25*n + 55. Calculate the greatest common factor of 44 and n.
11
Let h(f) = 658*f - 1. Let p be h(1). Let j = 114232 - 114086. What is the highest common divisor of j and p?
73
Let h be ((-4)/6)/((-1)/3). Let q(d) = d**3 - 43*d**2 + 51*d - 59. Let m be q(42). Let b = -309 + m. What is the greatest common divisor of b and h?
2
Suppose -96*m = -91*m - 2*s - 518, 522 = 5*m - 3*s. Suppose -11*y = -6*y - 765. What is the greatest common factor of y and m?
51
Suppose -5*o + t = -2*t - 378, 320 = 4*o + 2*t. Let b = o - 76. Suppose -s - 4*f = 3*s - 296, -f = -b*s + 136. What is the greatest common factor of 20 and s?
10
Let j be (-6)/((-57)/48 - -1). Let i = 407 + -375. What is the greatest common divisor of j and i?
32
Let b be 1*-314*5/10. Let f = b - -163. Calculate the greatest common divisor of 3 and f.
3
Suppose 119*b + 9*b = 26112. Calculate the highest common divisor of 102 and b.
102
Suppose -4*f = -b + 352, -8*b = -4*b - 4*f - 1432. Let z = -185 + b. Calculate the highest common divisor of z and 25.
25
Let w = 3702 - 2932. What is the highest common divisor of 98 and w?
14
Let l(v) = 2*v**3 - 2*v**2 - 6*v + 8. Suppose 12*u = 37 - 13. Let t be l(u). Calculate the greatest common factor of 44 and t.
4
Let n be 0 + -4 + (0 - 2)*1. Let k(t) = 9*t + 51. Let b be k(n). Let h(g) = 4*g**2 + g - 3. Let d be h(b). Calculate the highest common divisor of 10 and d.
10
Let t(u) = -11*u**2 - 14 + 2*u - 14*u**2 + u**3 + 6*u**2 - 3*u**2. Let l be t(22). Suppose l = y + 9. Calculate the highest common factor of y and 3.
3
Let t = 1838 - 1488. What is the greatest common factor of t and 450?
50
Suppose 5*v - 3*y = 475, -6*v = -4*v - y - 189. Suppose 0 = -4*l + 92 + v. Calculate the highest common factor of 230 and l.
46
Suppose -v = -6*v - 4*z + 698, -z = 2*v - 278. Let s = -72 + v. What is the greatest common divisor of 528 and s?
66
Let n(t) = 528*t**2 + 151*t - 104. Let j be n(7). What is the highest common factor of 145 and j?
145
Let v = 4715 - 4521. What is the highest common divisor of v and 13677?
97
Let y = 40 - 18. Let u(f) = -3*f + 2. Let a be u(-3). Let k = 99 - a. Calculate the greatest common factor of k and y.
22
Let f(o) = 174*o - 3513. Let m be f(22). What is the greatest common factor of 693 and m?
63
Let w be (32/(-3))/((-18)/(-135)*-5). Suppose 3*g + 2*n = 528, 50*g - 51*g + 176 = -4*n. What is the greatest common factor of g and w?
16
Let f(c) = 68*c**3 - 2*c + 3*c - 16*c**3 + 35*c**3 - 2 + 2*c**2. Let z be f(1). Suppose -5*r - z = -16*r. What is the greatest common divisor of 1 and r?
1
Suppose -5*r + 19*r = 3948. Calculate the highest common factor of 3478 and r.
94
Let z = 41 + -31. Suppose z*c - 143 = -3*c. What is the greatest common divisor of 22 and c?
11
Let y(l) = l**2 - 24*l - 691. Let f be y(-23). What is the greatest common divisor of f and 3744?
78
Suppose 2*t = -2*t + t + 2142. Calculate the greatest common factor of 1938 and t.
102
Suppose 5*n = 3*v - 2671 - 946, 4*n = 5*v - 6011. Calculate the greatest common factor of v and 88.
11
Suppose -6*v + 788 = 5*o - 3*v, 632 = 4*o + 2*v. Calculate the greatest common factor of o and 360.
40
Suppose 51 + 37 = 22*d. Calculate the greatest common divisor of 802 and d.
2
Let d be (-1)/((-15)/(525/7)). Let o = 817 + -497. Calculate the highest common divisor of d and o.
5
Let p be (-11)/((-11)/44 - -13*(-18)/(-1032)). What is the highest common divisor of 286 and p?
11
Let h(a) be the third derivative of a**5/15 - a**4/4 + 5*a**3/3 + 131*a**2. Let w be h(-5). What is the greatest common factor of 210 and w?
70
Suppose 4*b + 1 = 5*b. Let x be ((-2)/b - -14) + -1. Let k = -3 + 36. Calculate the highest common factor of x and k.
11
Suppose -76213 - 1969 = -31*x. What is the greatest common factor of 2134 and x?
194
Suppose 2*n - 6*n = 28. Suppose 3*f = 14*j - 18*j + 64, -80 = -5*j - 2*f. Let l = j + n. Calculate the greatest common factor of l and 1.
1
Suppose 19*r = -32 + 260. Suppose -3*d - 4*y = -104, 0 = 9*d - r*d + y + 94. Calculate the greatest common factor of 928 and d.
32
Suppose 303004 + 312867 + 83996 = 529*v. Let a(h) = -h**2 - 15*h - 7. Let u be a(-7). What is the greatest common divisor of v and u?
49
Let a = 9 + 40. Let f = a + -33. Let n be (72/20)/((-4)/(-10)) - 1. Calculate the highest common divisor of n and f.
8
Suppose 19*q - 4410 = 5470. What is the greatest common factor of 39 and q?
13
Let f(v) = 2*v**3 - 11*v**2 + 6*v - 14. Let a be f(5). Let s be (12/10)/(a/(-225)). What is the highest common factor of s and 15?
15
Suppose -29*w + 2*j = -34*w + 3106, 5*w - 3088 = 4*j. Calculate the greatest common divisor of 100 and w.
20
Let z = -336 - -912. Suppose -y = y - 5*s - z, -s - 864 = -3*y. Calculate the highest common factor of 36 and y.
36
Let k(d) = -d + 36. Let l be